63
What is 14451 (base 9) in base 3?
111111201
34 (base 6) to base 15
17
4188 (base 13) to base 7
35304
a2a8 (base 13) to base 15
69b6
What is 45 (base 9) in base 7?
56
What is -a536 (base 11) in base 6?
-144334
What is -1526 (base 8) in base 10?
-854
Convert -101000011110011 (base 2) to base 13.
-9581
What is 2101122 (base 4) in base 6?
111030
What is -72 (base 15) in base 7?
-212
275 (base 8) to base 10
189
What is 2510 (base 7) in base 16?
3aa
What is -1050 (base 10) in base 3?
-1102220
Convert -1000 (base 6) to base 2.
-11011000
-3d3 (base 16) to base 15
-454
-62 (base 15) to base 13
-71
What is -6b35 (base 16) in base 11?
-19690
Convert -119 (base 11) to base 8.
-215
607 (base 8) to base 3
112111
Convert 697 (base 15) to base 3.
2001021
-4144431 (base 5) to base 6
-1250125
Convert -874 (base 12) to base 8.
-2330
-132022 (base 4) to base 9
-2574
195 (base 12) to base 16
101
466 (base 13) to base 10
760
-3606 (base 9) to base 2
-101001110111
-552 (base 9) to base 6
-2032
Convert 46b5 (base 12) to base 4.
1323221
Convert 4521 (base 10) to base 3.
20012110
-111001100010 (base 2) to base 16
-e62
c43 (base 14) to base 5
34121
1011001010101 (base 2) to base 3
21211202
What is 144340 (base 5) in base 11?
4745
-195 (base 15) to base 7
-1031
Convert 110 (base 14) to base 7.
420
439 (base 12) to base 7
1545
Convert -1030410 (base 5) to base 11.
-12255
Convert 10110 (base 5) to base 6.
3011
-142 (base 11) to base 16
-a7
-2010110000 (base 3) to base 4
-22032111
12200112 (base 3) to base 9
5615
-30003021 (base 4) to base 2
-1100000011001001
Convert 4466 (base 8) to base 11.
1854
136c (base 14) to base 13
1739
Convert -200102211 (base 3) to base 9.
-20384
-6688 (base 11) to base 13
-4017
Convert 61634 (base 7) to base 2.
11101011011100
Convert d89 (base 14) to base 15.
bce
Convert 664 (base 13) to base 10.
1096
What is 1310124 (base 6) in base 3?
10121211221
-111001111010000 (base 2) to base 10
-29648
340141 (base 5) to base 8
27221
Convert 2a1a (base 12) to base 10.
4918
Convert 1769 (base 13) to base 4.
312023
-101086 (base 9) to base 5
-3403411
-3427 (base 9) to base 11
-19a6
64d (base 16) to base 15
728
What is 11b0 (base 12) in base 7?
5562
-700 (base 14) to base 15
-617
264216 (base 7) to base 12
24793
Convert 323 (base 4) to base 2.
111011
What is -1024 (base 12) in base 2?
-11011011100
What is 101001101 (base 2) in base 8?
515
What is -5204 (base 16) in base 11?
-14858
What is -95d (base 16) in base 11?
-188a
What is -b376 (base 16) in base 2?
-1011001101110110
Convert 502 (base 14) to base 10.
982
Convert -383 (base 9) to base 11.
-26a
Convert -56 (base 16) to base 11.
-79
What is -446 (base 7) in base 15?
-105
-319 (base 16) to base 2
-1100011001
Convert 211002 (base 3) to base 14.
308
Convert 13a4 (base 13) to base 16.
b16
117 (base 13) to base 4
2331
23033 (base 4) to base 5
10334
What is 12161 (base 15) in base 11?
3a387
What is -5952 (base 12) in base 11?
-756a
Convert 122224 (base 5) to base 4.
1021101
What is 1387 (base 15) in base 7?
15115
-1121100 (base 3) to base 11
-974
What is -22453 (base 10) in base 14?
-827b
-35e5 (base 15) to base 9
-16648
Convert -35a (base 12) to base 7.
-1315
What is aa7 (base 15) in base 3?
10022011
Convert -4121 (base 10) to base 2.
-1000000011001
-4aa (base 11) to base 13
-376
Convert 5673 (base 8) to base 2.
101110111011
Convert 1189 (base 11) to base 2.
11000001101
Convert -10330311 (base 4) to base 16.
-4f35
Convert 113114 (base 6) to base 16.
2626
What is 212021 (base 4) in base 5?
34231
Convert -1152 (base 8) to base 6.
-2510
What is -30264 (base 8) in base 14?
-4788
Convert -45335 (base 8) to base 7.
-106606
Convert -518 (base 15) to base 5.
-14043
2120142 (base 5) to base 4
20231120
What is -14358 (base 14) in base 10?
-50058
What is -a (base 11) in base 6?
-14
-200220 (base 3) to base 7
-1326
12022101 (base 3) to base 16
f1f
Convert 35553 (base 6) to base 15.
1806
Convert 16224 (base 8) to base 14.
2948
What is -22140 (base 5) in base 3?
-2010020
Convert -28a0 (base 11) to base 14.
-1512
What is -11032201 (base 4) in base 6?
-243041
-17064 (base 8) to base 14
-2b64
-1102 (base 7) to base 4
-12022
13704 (base 10) to base 9
20716
Convert -3043 (base 9) to base 5.
-32401
What is 10120011 (base 3) in base 5?
40341
Convert 5c5 (base 15) to base 10.
1310
-34883 (base 9) to base 4
-11230122
Convert -6846 (base 15) to base 8.
-53144
-1261 (base 7) to base 4
-13210
What is 1112010 (base 4) in base 15?
1973
-21124 (base 9) to base 3
-201010211
1010110100 (base 2) to base 8
1264
15175 (base 8) to base 12
3b11
1101220120 (base 3) to base 16
6bf4
What is -36165 (base 7) in base 10?
-9357
Convert -15541 (base 6) to base 3.
-10112121
What is -5433 (base 6) in base 12?
-879
What is -5b9 (base 15) in base 6?
-10003
6205 (base 7) to base 14
b05
Convert 5805 (base 12) to base 11.
73a7
What is -7677 (base 8) in base 10?
-4031
Convert 11111010010 (base 2) to base 5.
31002
258 (base 9) to base 2
11010111
Convert -32122 (base 4) to base 15.
-417
-4473 (base 12) to base 9
-11346
-87ac (base 14) to base 12
-11704
Convert 1201131 (base 4) to base 13.
2aba
What is -4b6 (base 12) in base 16?
-2ca
3836 (base 12) to base 4
1203222
Convert -2001 (base 14) to base 3.
-21112022
Convert -13205 (base 6) to base 4.
-133211
What is 26ca (base 14) in base 10?
6842
Convert 335 (base 9) to base 8.
423
22261 (base 7) to base 5
140004
What is -177 (base 12) in base 9?
-281
1100100110010110 (base 2) to base 6
1034530
What is -170 (base 15) in base 6?
-1310
11001100011010 (base 2) to base 13
5c54
What is -114310 (base 5) in base 9?
-5841
275 (base 11) to base 6
1300
Convert -c45c (base 15) to base 4.
-22020033
Convert 11605 (base 10) to base 2.
10110101010101
-12310 (base 4) to base 8
-664
Convert -30 (base 12) to base 3.
-1100
5c4 (base 13) to base 7
2634
121a2 (base 13) to base 10
33256
What is -15a0 (base 14) in base 12?
-22a0
Convert -313 (base 4) to base 16.
-37
What is 2751 (base 12) in base 11?
3444
110001100010 (base 2) to base 3
11100102
-36363 (base 7) to base 15
-2c03
131a (base 12) to base 16
886
Convert 102010 (base 3) to base 10.
300
What is 3324 (base 6) in base 13?
475
What is -14a (base 16) in base 4?
-11022
What is -8517 (base 16) in base 2?
-1000010100010111
104 (base 6) to base 5
130
61361 (base 8) to base 13
b6b5
Convert -1323 (base 6) to base 16.
-153
What is 2912 (base 13) in base 6?
43242
-1f3 (base 16) to base 13
-2c5
-1001212 (base 3) to base 5
-11104
Convert -3422 (base 5) to base 2.
-111100111
Convert -10021021 (base 3) to base 6.
-15011
Convert -230 (base 16) to base 4.
-20300
What is -22dc (base 15) in base 13?
-34aa
What is 1561 (base 7) in base 6?
2531
What is 6d5 (base 14) in base 4?
111103
Convert 2a (base 15) to base 8.
50
Convert -112466 (base 7) to base 4.
-10322222
What is -3064 (base 7) in base 11?
-898
-5241 (base 10) to base 9
-7163
Convert -204 (base 16) to base 6.
-2220
Convert -220222122 (base 3) to base 2.
-100011100100111
Convert -30132 (base 4) to base 15.
-383
a61 (base 11) to base 7
3503
What is 100100020 (base 3) in base 7?
25566
Convert -4 (base 13) to base 7.
-4
-116340 (base 7) to base 13
-99b4
Convert -1701 (base 10) to base 7.
-4650
Convert 3204 (base 5) to base 3.
120220
Convert 324 (base 10) to base 12.
230
Convert 120021 (base 3) to base 6.
1524
What is 898 (base 13) in base 2?
10111000101
What is 13814 (base 9) in base 11?
7084
Convert 18024 (base 9) to base 2.
11000001111111
1650 (base 9) to base 14
660
1200220221 (base 3) to base 7
166414
What is -100010001011 (base 2) in base 16?
-88b
What is -183 (base 12) in base 4?
-3303
Convert -193 (base 10) to base 6.
-521
Convert -4320 (base 9) to base 5.
-100202
168 (base 16) to base 13
219
What is 102143 (base 5) in base 6?
23503
What is -1c92 (base 16) in base 10?
-7314
What is -10ca (base 14) in base 10?
-2922
What is -24363 (base 10) in base 7?
-131013
-1001111000 (base 2) to base 8
-1170
What is 5203 (base 7) in base 14?
93a
Convert -32 (base 13) to base 5.
-131
What is 100111011 (base 2) in base 6?
1243
Convert 914 (base 10) to base 12.
642
Convert 3342134 (base 5) to base 12.
2a204
Convert -101100000001 (base 2) to base 3.
-10212100
Convert -1591 (base 16) to base 4.
-1112101
What is -34353 (base 7) in base 2?
-10001000111000
c